 20 - 16, -2*u = -2. Let d = -7 + j. Suppose -46 = -2*i + 4*n, i + d*n + 76 = 5*i. What is the tens digit of i?
1
Let q be (-2 + 0)*52/(-8). Suppose 0 = -q*d + 16*d - 15. What is the units digit of d?
5
Let d(f) = 0*f - 5*f - 3 + 2*f**2 - 6 - f**2. Suppose 0 = 4*t - 44 + 16. What is the units digit of d(t)?
5
Let q(d) = d**3 - 5*d**2 - 5*d. What is the units digit of q(6)?
6
Suppose 0 = 4*c - 3*c, -4*c = -2*m + 74. What is the units digit of m?
7
Let t be (-20)/(-3)*(-6)/(-5). Let s = t + -3. Let p = s - 3. What is the units digit of p?
2
Let f(x) be the third derivative of -x**5/60 + 5*x**4/8 + 5*x**3/2 - 3*x**2. What is the tens digit of f(15)?
1
Let d(z) = 2*z - 1 + 5*z**2 - 6*z - 3*z**2. Let n be d(3). Suppose 30 = 5*r + p + 4*p, 0 = -n*r - p + 10. What is the units digit of r?
1
Let v = 20 - 2. What is the units digit of v?
8
Let p = -1 + 0. Let w be (0 + p)/(5/(-10)). What is the units digit of ((-1)/w)/(4/(-48))?
6
Let w(l) = -15. Let p(t) = -t - 14. Let g(f) = 6*p(f) - 5*w(f). Let m(c) = -c - 1. Let k(j) = g(j) - 5*m(j). What is the units digit of k(-7)?
3
Let i(k) = k**2 + k + 1. Let n(z) = 15*z**2 - 3*z - 4. Let o(l) = 2*i(l) + n(l). What is the tens digit of o(-1)?
1
Let x = 2 + 0. Suppose 0 = 4*q + 12, 2*q - 14 = -7*b + x*b. Suppose -16 = b*w - 6*w. What is the units digit of w?
8
Let m = 31 - 17. Let n = m - -9. What is the tens digit of n?
2
Suppose -3*k + 4 = -17. Suppose 0 = 2*p - k - 1. Suppose p*j - 60 = -j. What is the units digit of j?
2
Let p(s) = s**2 + 7*s + 1. Let t be p(-6). Let r = t - -7. What is the units digit of r?
2
Suppose 4*w + 4 = -4*i, i - 2 - 5 = 3*w. Let y be (-4 - 3) + w + 2. What is the units digit of (-10)/5 - (y + 2)?
3
Let c(o) = o**2 - 2*o + 3. What is the units digit of c(3)?
6
Suppose 6*n - 2*n + 12 = 0. Let m = n - -8. What is the units digit of m?
5
Let x(r) = -r**3 - 13*r**2 - 13*r - 12. Let j be x(-12). What is the units digit of (7 + -1)/1 - j?
6
Let k = 9 + -16. Let z = -4 + k. Let c = -5 - z. What is the units digit of c?
6
Suppose 2*n = -v + 257, 10 = 3*v - 5*v. What is the tens digit of n?
3
What is the units digit of 90*((-18)/(-6) - -1)?
0
Suppose 0 = -8*h + 4*h + 960. Suppose 5*f - 3*z = 268, f - 5*f - 4*z + h = 0. What is the units digit of f?
6
Suppose 4*s - 4*m = -40, 0 = -s - 2*m - 1 - 3. What is the units digit of (5/(-2))/(4/s)?
5
Suppose 2*h = -s - 2, s + 5*h + 2 = -3. Suppose 2*b + 3*b - 15 = s. Suppose -2*u = b*k - 23, 5*u - k - 2*k - 26 = 0. What is the units digit of u?
7
Suppose 2*k = 42 + 30. Let z be (k/10)/((-6)/(-20)). Suppose -z = -3*l, -i - l = i - 10. What is the units digit of i?
3
Let x = -9 - -22. Let m = 18 - x. Suppose 0 = m*b + 5*f - 93 + 28, -4*f - 8 = 0. What is the tens digit of b?
1
Let c(f) = -f**2 - 5*f + 7. Let d be c(-6). Let g = 0 - d. Let x = 3 + g. What is the units digit of x?
2
Suppose -2*g = -5*r + 287, 4*r - 5*g - 106 = 127. What is the units digit of r?
7
Let t be (-1)/(3/24) + 0. Let n = 4 - t. What is the tens digit of n?
1
Let h = -5 - -64. What is the tens digit of h?
5
Let t(s) = s**2 - 5*s + 1. Let i = 16 - 11. What is the units digit of t(i)?
1
Let c be 2*-3*2/(-12). Let d(w) = -2*w - c + 1. What is the units digit of d(-1)?
2
Let o(c) = c - 4. Suppose -2*x + 22 = 2*d, 0 = 4*x - 3*d + 5*d - 36. Let j be o(x). Suppose -j = 4*z - 31. What is the units digit of z?
7
Suppose 572 = 3*n + 5*k, -2*k + 7*k = 5. What is the hundreds digit of n?
1
Let q(l) = l - 3. Let b be q(6). Let x be (3/2 + -1)*-2. Let z = x + b. What is the units digit of z?
2
Let a(q) = q**3 + q**2 - 119. Let h be a(0). Let c = -173 - h. Let i = -38 - c. What is the tens digit of i?
1
Let r(g) = -g**3 - 6*g**2 + 8*g + 8. Let s be r(-7). Let u = s - 7. What is the units digit of u/9*(-5 - -2)?
2
Let n be 0 - 0 - (-4 + 10). What is the units digit of (n/10)/((-2)/20)?
6
Let i be 1/3 - (-1496)/(-51). Let v = i - -43. What is the tens digit of v?
1
Suppose -4*j = -3*j - 41. What is the tens digit of j?
4
Let a be ((-7)/2)/(2/(-4)). Let y(d) = 3 - 6 + d + 0*d**3 + d**3 - 7*d**2. What is the units digit of y(a)?
4
Suppose -3*d + 15 = -0*d. Suppose -2*s + d*l - 31 = 0, -4*s + 6 = -5*l + 43. What is the units digit of s/(6/4) + 3?
1
Let f(z) = z**3 - 2*z**2 + 7*z - 8. What is the hundreds digit of f(5)?
1
Let x = -64 + 13. Let r = x - -71. What is the units digit of r?
0
Let a = 186 + -122. What is the units digit of a?
4
Let v(z) = -z**3 - 3*z**2 - 3*z. Let p be v(-2). What is the units digit of (-63)/(-6) + 1/p?
1
Let x be (1 - 1)/(3 - 1). Suppose x*y = -2*y - 2*d + 4, 0 = -y + d. Let t = 0 + y. What is the units digit of t?
1
Let w(l) = -4*l + 0*l + 3*l + l**2 - 3*l. What is the units digit of w(6)?
2
Let w = 93 - 68. What is the units digit of w?
5
Suppose 0 = 3*c + 4*c - 70. What is the units digit of c?
0
Let h(n) = n**2 - 3*n - 5. Let j be h(6). Suppose -3 + j = 5*o. What is the units digit of o?
2
Let c = 6 - 0. Suppose 0 = -2*w + c*w - 96. What is the tens digit of w?
2
Let j = -8 - -68. Let i = j + -30. What is the tens digit of i?
3
Let k(b) = -b - 2. Let z(t) = 4*t + 6. Let v(o) = 11*k(o) + 4*z(o). What is the units digit of v(3)?
7
Let z(s) = 24*s + 5. What is the tens digit of z(3)?
7
Suppose -2*h + 0 - 9 = -3*a, 3*a - 9 = -3*h. Suppose -m - 2*m = h. What is the units digit of (m - -1)/(3/30)?
0
Let b(j) = j**3 - 6*j**2 + 6*j - 2. Let a be b(5). Suppose -2*y + 3*q + 17 = 0, 0 = a*y + q - 14 - 17. What is the tens digit of y?
1
Let j = 228 - 124. What is the hundreds digit of j?
1
Let j(y) = 3*y**2 - 28 + 23*y**3 - 4*y**2 + 4*y**3 + 29. What is the tens digit of j(1)?
2
Suppose 2*q + 21 = q. Let a = -12 - q. What is the units digit of (a/6)/((-1)/(-6))?
9
Suppose n = -5*l + 27, 3*n + 3*l = -0*n + 21. Suppose -2*t - n*f = -66, -5*t + f = -0*f - 135. What is the tens digit of t?
2
Let y(t) = t**3 + 4*t**2 - 1. What is the units digit of y(-3)?
8
Suppose 2*z + 3*z = 15. Suppose -63 = -z*r + j - 5*j, -3*j + 60 = 3*r. What is the tens digit of r?
1
Let k(t) = t**2 + 3*t - 2. What is the tens digit of k(4)?
2
Let w(n) = n**3 + 5*n**2 - 5. Let p be w(-4). Suppose -8 = -2*a, k - p = -2*a + 11. What is the units digit of k?
4
Suppose 10 = 7*k - 2*k. What is the units digit of k?
2
Suppose -25 = 3*i - 145. Suppose -2*g - 6*j + 16 = -3*j, -4*j = 4*g - i. What is the tens digit of g?
1
Let k(j) = -j**2 - 3*j + 4. Let f be k(-4). Let g be 2*(f - (-1)/(-2)). Let b = 4 + g. What is the units digit of b?
3
Suppose 2*n = -l + 7*n - 8, -5*l + 5*n + 40 = 0. What is the units digit of l?
2
Let f = 17 - 8. Suppose 2*s - f = 3*s + 2*p, 4*p = s - 15. What is the units digit of (6 + -5)/(s/(-11))?
1
Let t be 124/(-16) + 2/(-8). Let l = 4 + t. Let g = 1 - l. What is the units digit of g?
5
Let c = -92 - -277. What is the hundreds digit of c?
1
Let r be 3/12 + 11/4. What is the tens digit of r/((-45)/(-6))*35?
1
Let z = -8 - -7. Let t = z - -2. Suppose 7 = 4*y - t. What is the units digit of y?
2
Let p(x) = 2*x**2 + 8. Let z(h) = -3*h**2 - h - 9. Let b(o) = -4*p(o) - 3*z(o). Suppose 4*g + 20 = -0*g. What is the units digit of b(g)?
5
Suppose 3*q - 4*x - 10 - 314 = 0, -2*x - 6 = 0. What is the tens digit of q?
0
Let z = 1119 - 631. What is the units digit of z/22 - (-22)/(-121)?
2
Let p = 32 + -18. Suppose 33 = 4*x - 3*i - p, 4*i = -2*x - 4. What is the units digit of x?
8
Suppose -4*t = 4*u + 28, -t - 13 = -u - 6*t. Let p be (-4)/6 + (-44)/u. Suppose -4*b + 4 = -p*b. What is the units digit of b?
4
Let u(g) = 15*g**2 + 3*g - 1. What is the units digit of u(1)?
7
Let q(z) = -5*z**3 - 12*z**2 + 10*z - 6. Let x(o) = -9*o**3 - 23*o**2 + 19*o - 12. Let k(c) = -11*q(c) + 6*x(c). What is the tens digit of k(6)?
1
Let f(c) = -c**2 + 1. Let d be f(-1). Let b(k) = -k - 6. Let j be b(d). What is the units digit of -5*(j/2 + 2)?
5
Let d(f) = 26*f + 1. What is the tens digit of d(3)?
7
Suppose -5*r + 20 = 0, -3*d - 3*r + 17 = -8*d. What is the units digit of 3 - -1*(-3)/d?
6
Let r = -11 - -15. Let k = r + -1. What is the units digit of (-2)/k - (-46)/6?
7
Let r(w) = w**3 - 2. What is the units digit of r(3)?
5
Let b(a) = -a**2 - a + 1. Let t(j) = -j**3 - 2*j + 4. Let k(s) = -4*b(s) + t(s). What is the units digit of k(4)?
8
Let i = 18 + 3. Suppose 4 = s + i. Let w = s + 28. What is the units digit of w?
1